What is 12 + -24 + (-11 - -2)?
-21
Evaluate 60 - ((36 - 34) + 33).
25
Evaluate 0 - 0 - (14 + -58 + 39).
5
What is -5 + (-2 - (-12 + -6)) - (-2 - -4)?
9
What is the value of -21 + 5 + (10 - -14) + -18?
-10
What is the value of (-39 + 15 - -19) + (34 - (-7 - -4))?
32
1 + (-9 + 5 + 8 - (23 - 0))
-18
Evaluate -11 - (-21 + 16) - (-1 + 12).
-17
(-16 - (0 - 14)) + 7 + -3
2
Evaluate -2 + 4 + 5 - (-21 + 31) - -19.
16
Evaluate 2 + (6 + -4 + -18 - -9).
-5
Calculate -7 + 11 - (3 - -3).
-2
Calculate -36 + -15 + 31 + 5.
-15
What is -50 - -53 - (-4 + 2 - (-14 + 0))?
-9
Calculate 3 + (5 - -4) + 82 + -87.
7
-33 + (-5 - 0) + 118 + -105
-25
Calculate (0 - (-9 + 19)) + (6 - 3).
-7
(-4 - 4) + 75 + -50
17
-6 - (2 - 10 - -4 - -2)
-4
What is the value of (-7 - -1) + (-5 - -15) + -10 + 1?
-5
What is 7 - (-4 + (-5 - -36) + -9)?
-11
(-6 - 0) + -13 + 68 + -63
-14
What is (11 - -25) + 22 - 24?
34
What is (8 + -7 - (2 + -1)) + -12 + 4?
-8
What is the value of -5 - -1 - (-21 + (89 - 56))?
-16
Calculate 12 - (8 + 7) - -21.
18
What is 0 - -19 - (-7 + 16) - 13?
-3
Calculate (-1 - -14 - 2) + (54 + -24 - 34).
7
Calculate (1 - (1 + -2) - 2) + (-149 - -140).
-9
(1 - 1) + -1 + (-26 - -72) + -62
-17
Calculate -22 - (-1 - 10 - 26).
15
What is -12 + -2 + 194 + -175?
5
Calculate 3 - ((-27 - -49) + -33).
14
Calculate -8 - (19 - -5) - -14.
-18
(0 - -22) + 42 + 9 + -57
16
What is the value of 448 - 455 - (-3 - -4 - 43)?
35
Calculate (-10 - 0) + (-1 + 1 - (26 + -41)).
5
Evaluate -24 + 22 - (-1 - -5).
-6
Calculate (51 - 12) + -30 - (-5 + 2).
12
1 + -3 + (3 - -6) - (-28 + 34)
1
Evaluate -9 + -10 + (4 - -34).
19
(-7 - (-17 - -14)) + -2 - (-3 + 0)
-3
What is the value of 114 + -130 - (-18 - -1)?
1
Evaluate (12 - 12) + 8 - (1 + (0 - 20)).
27
Evaluate (8 - 0) + (-45 - -31).
-6
11 - 7 - (-27 - -13)
18
What is -9 + (10 - 8) - 2?
-9
What is 9 + (-21 - 6) + (5 - 1)?
-14
Evaluate 13 - ((-8 - -19) + -23).
25
Evaluate 0 - 3 - -10 - 3.
4
What is (4 + -5 - (11 - 20)) + 5?
13
33 + (-5 - (19 + -10 - 2))
21
Evaluate 0 + (-2 - -2 - (-23 - -20)) + -17.
-14
Calculate (-5 - (-5 + -9 + -6)) + -3.
12
Calculate 22 - (-5 + 17 - 0).
10
17 - ((-3 - -17) + 14) - -1
-10
-79 + 113 + -1 + -17
16
290 + -287 + (1 + 0 - 11) + 2
-5
Calculate 6 - -7 - 34 - (2 + (-9 - 0)).
-14
Calculate 10 - (-14 - -7) - 25.
-8
(-17 - -18) + (-2 - -12)
11
What is (-1 - -8) + 2 + -9?
0
What is the value of 29 + -39 + -8 + 4?
-14
What is 13 + -1 - (0 - (18 + -23))?
7
What is the value of 15 + 4 - (6 + -8 - 6 - 0)?
27
(10 - 1) + (17 - 19 - (3 - -1))
3
Calculate (8 - 8 - -4) + -6 - 0 - 5.
-7
Calculate -10 + -11 - 0 - (-8 + 0).
-13
What is the value of -8 + 18 + -1 + -21?
-12
Evaluate (8 - 2) + -4 + (-6 - -23 - 14).
5
What is (18 - (-17 - -75)) + 25?
-15
(-2 - (-8 - 3)) + -32 + 20
-3
Calculate 44 - 47 - (-3 + (7 - (4 + 24))).
21
-10 - (7 - -2 - (54 + -69))
-34
What is the value of (9 - 4 - (11 - 2) - 2) + -6?
-12
-17 - (-51 + -4 - -22)
16
What is -9 + (3 + 37 - -2) + -14?
19
-6 - (1 - (-7 + -5 - -20))
1
What is 972 - 943 - (42 - -2)?
-15
What is 17 - (2 - -13) - (3 - 1)?
0
Calculate (13 + -20 + 6 - 5) + -4 + 0.
-10
(-12 - 2) + 2 - (-1174 - -1168)
-6
What is -6 + 2 + 10 + -2 + -30?
-26
(12 - 2) + (94 - 111)
-7
8 - (-1 - 0) - (64 + (-1 - 39))
-15
Calculate 2 + -6 + (2 - 3) + -5 + 4.
-6
Calculate (-40 - (-38 + -2)) + (2 - -8).
10
Evaluate 37 + -4 - 20 - (-1 + 4) - -13.
23
What is -3 + (-3 - (2 - (-5 + 1 + 8)))?
-4
-6 + 92 + -88 + -5 + -1
-8
Calculate -3 + (-25 - -27) - (1 - 3).
1
Calculate -7 + (0 - -3) + 0 + 4 + 7.
7
(0 + -6 - (244 - 238)) + -2
-14
Calculate (62 + -45 - (2 + 3 + -3)) + 0.
15
Evaluate (-16 - (-7 - -4)) + 13 + (12 - 21).
-9
Evaluate 8 + (7 + -12 - (12 + -2 + -9)).
2
Evaluate -12 - (11 + -8) - (4 + 5 - 2).
-22
What is the value of -5 - (2 + -4 + (12 - (4 + 1)))?
-10
What is the value of 19 - -5 - 50 - -30?
4
What is the value of -5 - (-1 + (-3 - -6)) - (2 + -26)?
17
Calculate 9 + (0 - 9 - 8) - (5 + 3).
-16
What is the value of -3 - (2 - 24 - (-19 + 12)) - 4?
8
Calculate 29 + (10 - 20) - (32 + -23).
10
What is the value of -1 - 12 - ((34 - 50) + (18 - 1))?
-14
What is 2 - (-3 - (-4 - -8))?
9
What is (-1 - -19) + (-48 - -28)?
-2
Evaluate 6 + (2 + -13 + 2 + 2 - 19).
-20
Calculate (-4 - (-7 + -5 - -28)) + 3.
-17
What is -11 + (-4 - (16 + -8 - 1 - 1))?
-21
(0 - 1) + (3 - 0) + -6 + -2
-6
What is (9 - 10) + -7 - (-9 - 3)?
4
What is the value of 7 + 11 + (24 - 58)?
-16
What is -9 + (7 + 1 - (28 + -16))?
-13
Calculate 11 - ((2 - (27 + -16)) + (0 - -2)).
18
What is the value of 44 + -7 + -6 + -16?
15
Calculate -55 - (15 + -49) - -13.
-8
-9 + -3 + (22 + 17 - 29)
-2
Calculate 11 - ((-4 - (-1 - 10)) + -5).
9
What is -28 + 37 + -23 - (1 - 1)?
-14
What is 22 + 7 + 13 + -29 - 16?
-3
Evaluate 2 + -12 + (21 - 7) - (7 - -18).
-21
Evaluate -2 - (-11 + (3 - -1 - -2) + 3).
0
13 - 9 - (10 - 0 - -1) - -15
8
Calculate -325 + 317 + (-2 + 2 - 0).
-8
What is (8 - (-13 + (24 - 1))) + 26?
24
Evaluate 42 + 0 + 0 + (252 - 259).
35
What is the value of 417 + -381 - (-8 + 2) - (1 - -2)?
39
What is -31 - -61 - (15 - 0)?
15
Evaluate (6 - (-6 + 5)) + 14 + 0 + -2.
19
What is 4 + -16 + 24 + (1 - 5) + -2?
6
Evaluate (28 - 45) + 10 - (-1 - 14).
8
Calculate -4 + (-24 + 3 - -43).
18
What is the value of (6 + -6 - 1) + (-6 - -13) + -20?
-14
What is (-1535 - -1535) + (11 - 1 - -1)?
11
What is 26 + -12 - 15 - (-2 + -4)?
5
Evaluate 3 + -1 - -3 - (-11 + -47 + 54).
9
What is -11 - (-2 + (3 - (-1 + 1)) - -1)?
-13
Calculate -15 + 25 + (-1 - (-2 + 0 + 4)).
7
What is -529 + 546 + 0 + 3?
20
Evaluate -16 + 11 - -10 - (-6 - 2).
13
What is the value of 1 + (4 - (15 + -20))?
10
What is -24 + (27 - 19) - -17?
1
5 + -1 + 2 - (15 - -4 - -11)
-24
What is the value of 3 + 22 + -44 + (9 - 2)?
-12
What is (8 - 53) + 5 + 32?
-8
Evaluate -46 + 41 + (3 - 0) - (-21 + -1).
20
What is 5 + -11 + 2 - -18?
14
Evaluate 16 + -15 + 11 + -6.
6
What is 1 + 9 + (5 + -10 - 2) + 6?
9
Evaluate (10 + -6 + -8 - 5) + -5.
-14
4 - (-7 - -19 - 8 - (0 - 0))
0
(2 + -1 + -6 - (-2 + -1)) + 13
11
Calculate 2 - (12 + 2 + -7 + -3).
-2
What is -5 + -1 - (-12 + 6) - -7?
7
Evaluate -16 + (-6 - 1 - -22 - 24).
-25
What is the value of (3 - -2) + (33 - 39) + -17 + 16?
-2
Evaluate -11 + 31 + (-2 - 3) + 11.
26
What is the value of 21 - -2 - (2 + 11)?
10
What is -6 + -3 - (-4 + 0 + -1 + 7)?
-11
Evaluate 4 - (-3 + -1 + (16 - 15) + 8).
-1
(0 + 13 - -8) + -9
12
-6 + (6 - (2 + 1 - 1)) + -4
-6
Calculate 7 + -3 + (13 - 7) + -5 + -8.
-3
What is -2 + (3 - 3) - (-18 + 24 + -18)?
10
What is the value of 23 + -29 + (27 - 56)?
-35
What is the value of -40 + -1 - ((-42 - -26) + 2)?
-27
What is (-4 - (16 - 47)) + (-15 - -1)?
13
What is -21 - (-1 - (6 + (-21 - 1) + 9))?
-27
17 - 6 - (-1 + (-1 - -8) + 1)
4
Calculate (-1 - (0 + 18)) + -1 + -2.
-22
6 + 7 + -7 + -10 + -1 + 7
2
What is the value of -20 - (-4 + 12 - 17)?
-11
What is the value of 26 - (-1 - (-14 + -32))?
-19
-24 + (-2 - -13) + (-9 - -5)
-17
What is 25 + -9 + -9 + 10?
17
Evaluate -1 + (5 - 5) - -3 - -10.
12
What is the value of (-7 - 5) + 18 + (0 - 4 - -2)?
4
What is (11 + -6 - -5) + (-10 + 5 - -6)?
11
Calculate 352 + -392 + (2 - -51).
13
-13 - (-5 - (-14 + 14))
-8
What is -32 + (15 + 17 - -1)?
1
What is the value of (-7 + -14 + 7 - -41) + -10?
17
What is (-11 + 40 - 4) + -23?
2
Evaluate -16 - ((-3 - 0) + -12 + 11).
-12
What is 5 + -9 + -2 + (-1 - 4)?
-11
13 + (-8 - (-7 + -11) - 8)
15
What is -8 + 1 + (-18 - -3) + 20?
-2
Evaluate 10 - (-1 - 4 - -16) - 11.
-12
0 + (3 - 10 - 28) - (-3 - 4)
-28
-6 + 2 + 7 - (-38 - -55) - 1
-15
What is (33 - (58 + -33)) + (4 - -3)?
15
5 - (7 + 6 + (0 - -1)) - -4
-5
What is (1 - (13 + (8 - 9))) + -2?
-13
16 + (-4 + 7 - 12)
7
What is 3 + (29 - 23) + (4 - 2) + 0?
11
12 + -1 - (40 + -32 + -15)
18
Evaluate -29 - (-52 + 30 + 3).
-10
Calculate (5 - ((-1 - -1) + -3)) + (-27 - -7).
-12
What is 2 + 1 + -16 + (-17 + -29 - -21)?
-38
Evaluate (14 - (27 - (-8 - -19))) + (0 - -22).
20
What is -5 - -1 - (-95 - -110)?
-19
Evaluate -20 + (54 - 15) + -14.
5
What is the value of -1 - (48 + -46 + 2 + -3) - 7?
-9
(9 + -9 - (6 + 0)) + (-36 - -36)
-6
What is the value of (-6 - (-35 + 16)) + -7 + -4?
2
What is the value of (-24 - -15) + (-13 - -10) + -7 + 1?
-18
-3 + 11 - 2 - (6 - -1 - -3)
-4
0 + (-14 - 1) + 28 + -38 + 14
-11
8 + (-1 - (11 - 3)) + 12
11
-3 + (-6 - -7) + 12 + -21
-11
Wh